factors of n?
7, 17
Suppose -4*t + 3*n = n - 22, 32 = 4*t - 4*n. What are the prime factors of -26*(t/2)/(-3)?
13
List the prime factors of (10 - -44)/(2 + 0).
3
Let z(c) = -22*c**2 + c + 4. Let p(s) = 45*s**2 - 2*s - 9. Let o(j) = -4*p(j) - 9*z(j). List the prime factors of o(-1).
19
Suppose f - 12 = 26. What are the prime factors of f?
2, 19
Let t = 23 + -18. Suppose 0 = -t*r + r + 72. What are the prime factors of r?
2, 3
Suppose -2*q + 25 = 3*q. Suppose -4*k + 2 = 5*n, q = -4*k + 5*n - 13. What are the prime factors of k + (44/2 - -1)?
3, 7
What are the prime factors of (-18)/4*(-28)/21?
2, 3
Let s(l) = 30*l**2 - 8*l + 5. What are the prime factors of s(3)?
251
Let d = 13 - 3. Let k = 25 - d. Suppose 0 = p - 2*y - k - 8, 4*y + 84 = 4*p. What are the prime factors of p?
19
Suppose -3*p + 6 = -9. Suppose p*q = -2*c + c + 11, -q - 5*c - 17 = 0. Suppose 2*m + 54 = 6*m + q*a, 0 = m + a - 14. List the prime factors of m.
2, 3
Let j(v) = -6*v + 4 + 2*v**2 - v**2 + 2. Let s be j(5). Suppose s = y - 2. List the prime factors of y.
3
Let m(n) = n + 9. Let h(d) be the second derivative of -d**3/6 - 2*d**2 + d. Let z(y) = 5*h(y) + 2*m(y). What are the prime factors of z(-4)?
2, 5
Let t = 2 + -3. Let m(j) = 4*j**3 - 7*j**2 + 6*j + 7. Let b(y) = 8*y**3 - 13*y**2 + 11*y + 13. Let p(n) = -6*b(n) + 11*m(n). List the prime factors of p(t).
2
Suppose -2*b + 6*b + 6 = -g, -5*b = 15. What are the prime factors of g?
2, 3
Let r be 2 - (4 + -5*9). Let m = r + -19. List the prime factors of m.
2, 3
Let y be (-4)/1 - -2 - -11. Let t(r) = -6*r**2 - 13 + 5*r**2 - 7*r + 2*r**2. List the prime factors of t(y).
5
Let l = -4 + 3. Let o = l - -16. List the prime factors of o.
3, 5
Let f(k) = -k**3 + 5*k**2 + 6*k + 2. Let u = 5 + 0. Suppose u*a = 38 - 8. List the prime factors of f(a).
2
Suppose 2*n = -4*o + 5*n + 51, -2*n - 55 = -5*o. What are the prime factors of -1 + 1*(1 + o)?
3
Let i(q) = 8*q - 7*q + 3 + 1 + 5. List the prime factors of i(9).
2, 3
List the prime factors of (-22)/(-121) + (-834)/(-11).
2, 19
Let x(c) = -6 - c**2 - 5*c - 2*c + 0*c. What are the prime factors of x(-4)?
2, 3
Let g(z) = z**3 - 5*z**2 + 5*z - 4. Let k be g(3). Let f = k - -34. Suppose 4*m = m + f. List the prime factors of m.
3
Suppose n = -0*n - 4*c, -4*n + 3*c = -76. List the prime factors of n.
2
Let p(n) be the second derivative of -n**5/20 + 3*n**4/4 - 9*n**2/2 - n. Let r be p(7). Suppose -o = 2*v - 3*v + 19, 2*o + r = 5*v. List the prime factors of v.
17
Suppose 0*x = -3*x + 111. What are the prime factors of x?
37
List the prime factors of ((-12)/14)/(15/(-630)).
2, 3
Let a = -29 + 40. Let t = a + -7. Suppose 0 = 3*s + 2*l - t, 2*s - s = -3*l - 1. What are the prime factors of s?
2
Let y = 332 + -107. What are the prime factors of ((-2)/(-3))/(6/y)?
5
Let i = 4 - -26. List the prime factors of i.
2, 3, 5
Let i be 1/(1/(-7))*-2. Let p be -2 + 0 + (0 - -12). Suppose 2*y - i - p = 0. What are the prime factors of y?
2, 3
Let p(h) = -h**2 + h + 5. Let i be p(0). Suppose i*t + 15 = 95. List the prime factors of t.
2
Suppose -d - 4*d = 30. Suppose 0 = -3*g - 3, -5*k + 3*g + 74 = -19. Let y = d + k. What are the prime factors of y?
2, 3
Suppose -4*n + 47 = 7. Let d be 16/(-40) + 24/n. Suppose d*m = 3*m - 17. List the prime factors of m.
17
List the prime factors of (2 + -7)*54/(-6).
3, 5
What are the prime factors of 0 + 3 - (-5)/(25/280)?
59
Suppose x - 5 = 5*g, 2*x + 9 = -2*g + x. Let o be g/(3/39*-2). Let d = o - 4. List the prime factors of d.
3
Let i(x) = x**2 - 13*x + 11. Let j be i(15). Let b = j + -19. What are the prime factors of b?
2, 11
Let g = 39 + -5. Suppose -6 = -4*a - g. Let w = 14 + a. What are the prime factors of w?
7
What are the prime factors of 4/(-1)*(-152)/16?
2, 19
Let d = -11 - 12. Let r = d + 38. List the prime factors of r.
3, 5
Let c be (2 - 1) + -2 + 4. Suppose d - 4*y = 15, 5 - 14 = c*y. List the prime factors of ((-2)/d)/(3/(-54)).
2, 3
Let h(x) = x + 1. Let c be h(-1). Suppose -v = -c*v - 166. What are the prime factors of v/18 + 2/(-9)?
3
Let u = -73 + 104. Suppose 4*c - n = 65, n = 3*c - c - u. List the prime factors of c.
17
Suppose 164 = -4*s + 2*s. Let l(x) = -2*x**2 + 3*x - 1. Let p be l(3). List the prime factors of 1/(-5) + s/p.
2
Let m be (-240)/(-28)*(4 - 11). Let y = m - -115. List the prime factors of y.
5, 11
Let t = 61 + 63. Suppose -t = -3*g - c, 2*c = -g - 21 + 59. Suppose g = 5*x - 3*x. List the prime factors of x.
3, 7
Let y(u) = -3*u**2 + 6*u - 4. Let n be y(4). Let w = n + 41. What are the prime factors of w?
13
Let t be (-4 + 7)/((-2)/(-18)). Let u be t/6 + 2/(-4). Let v(g) = g + 1. What are the prime factors of v(u)?
5
Suppose 4*l - 23 = -h, l + 2*l = 5*h. Suppose h = p - 0*p. What are the prime factors of p?
3
Let z(m) = m + 11. Let b be z(-6). Suppose 35 = b*q - 5*l, 13 = 3*q - 0*l + l. List the prime factors of q.
5
Let c = 10 - 7. What are the prime factors of c?
3
Let i be ((-21)/14)/((-1)/6). Let o = 17 - i. List the prime factors of o.
2
Let u = -78 - -50. Suppose -3*k - 1 = -4*k. List the prime factors of (u + -2)/(k - 3).
3, 5
Suppose -7 = -5*g + q + 73, -3*q = -2*g + 45. List the prime factors of g.
3, 5
Let r(h) = -h**3 + 6*h**2 + 5*h + 3. Let t = 3 + 2. List the prime factors of r(t).
53
Suppose 3*y + 18 = 5*c, -3*c + 7 = y + y. Let x = c + 0. Suppose x*z = -2*r + 25, z = r - 6*r + 56. What are the prime factors of r?
11
Let w be -1 + (3 + -1 - -2). Suppose 0 = w*g + g - 32. List the prime factors of g.
2
Suppose 23 - 5 = 4*a - 2*r, 0 = r + 5. Suppose a*n + k + 6 = 0, 4*n - n - 2*k = -9. Let s(w) = -3*w. List the prime factors of s(n).
3
Let l = 28 + -10. Let p be (l/8)/((-1)/(-4)). Let g = p + -7. List the prime factors of g.
2
Let i(l) = 15*l - l**3 - 7 + 3*l**2 + 4*l**2 + 2*l**2 - 2*l. Suppose 0 = -2*t + f + 14 + 8, 2*t = -5*f + 10. List the prime factors of i(t).
23
Suppose -o + 2*n + 13 = -2*n, -o = 4*n + 3. Let f(m) be the third derivative of m**6/120 - m**5/15 - m**4/8 + m**3/6 + 5*m**2. List the prime factors of f(o).
11
List the prime factors of (-19170)/(-189) + 6/(-14).
101
Let u = 19 - 13. Suppose 0 = 5*h - 3*h - s - 2, 0 = -5*h + 5*s + 10. Suppose 2*n - u = 3*n + 3*i, h = 3*n + 2*i - 17. List the prime factors of n.
3
Let f = 344 + -177. List the prime factors of f.
167
Let n = -2 - -3. Let m = n - -3. What are the prime factors of m?
2
Let d(t) = 5*t - 5. Let r be d(6). Suppose l + f = 13, -2*l + r = f + 2. What are the prime factors of l?
2, 5
Suppose -5*u = 5*g - 40, 2*g - 5 = 4*u - 13. Suppose -z - 30 = -g*z. What are the prime factors of z?
2, 5
Suppose 5*f - 194 = 36. List the prime factors of f.
2, 23
What are the prime factors of ((-28)/(-3))/(6 - 68/12)?
2, 7
Let w(m) be the first derivative of -m**7/840 + m**5/120 + 5*m**4/12 - m**3/3 - 1. Let v(t) be the third derivative of w(t). What are the prime factors of v(0)?
2, 5
Suppose -2*z + 17 = 5*v, 2*z = 2*v + 3*z - 6. Suppose -2*p + 7*p - v = 0. List the prime factors of -2*p*(-15)/6.
5
Suppose -3*d = -0*d - 48. What are the prime factors of d?
2
Let k be 3/(-12) + (-85)/(-4). Let s = k + -6. Let x = s - 8. What are the prime factors of x?
7
Let w(n) = 4*n. Let v be w(5). Suppose -5*f + v = -0*f. List the prime factors of f.
2
Let o = 3 - -1. Suppose 2*t + 8 = 2*l, o*t + 2 - 1 = l. Suppose -5*f = -5*y - 54 + 4, l*f + 3*y = 82. List the prime factors of f.
2, 7
Let b be ((-9)/6)/(1/(-2)). Let u be ((-8)/b)/(-4)*15. Suppose h - 10 = -3*p, -h = -3*p + 4 + u. List the prime factors of p.
2
Let o = -33 - -68. What are the prime factors of o?
5, 7
Let y = 4 + -6. What are the prime factors of 3*y*(-2)/4?
3
Suppose 4*b = 37 - 1. Let i = -3 + 0. List the prime factors of (80/(-12))/(i/b).
2, 5
Let k = -21 + 47. Let s = k - 13. What are the prime factors of s?
13
Suppose 2*h - 3 = 5. What are the prime factors of h?
2
Suppose 5*o - 112 = o + 4*b, 3*b - 140 = -5*o. What are the prime factors of o?
2, 7
Let q be (-7)/((-28)/(-8)) + 12. What are the prime factors of (-63)/(-5) - (-4)/q?
13
What are the prime factors of 6/(-9) - (-244)/6?
2, 5
Let t(v) be the third derivative of v**4/24 - v**3/3 + 3*v**2. List the prime factors of t(6).
2
Let b(t) be the first derivative of 5*t**4/2 + 2*t**3/3 - t + 1. List the prime factors of b(1).
11
Suppose -5*t = -5*n + 2